(y) = -104*y + 120. Calculate q(9).
-816
Let w(y) = 284*y - 5120. Determine w(18).
-8
Let q(g) = -g**2 + 53*g - 702. Determine q(12).
-210
Let w(g) = -4*g - 18. Calculate w(11).
-62
Let u(a) = -124*a + 219. What is u(2)?
-29
Let p(b) = -b**2 + 345*b + 28088. Determine p(-68).
4
Let g(q) = -2*q**2 + 46*q + 488. Calculate g(31).
-8
Let w(p) = -73*p**2 - 16*p - 22. Calculate w(-1).
-79
Let t(d) = -d**3 - 16*d**2 - 23*d - 120. What is t(-15)?
0
Let l(o) = 132*o**2 - 92*o - 185. Give l(-2).
527
Let g(f) = -f**3 - 18*f**2 - 17*f + 42. Give g(-16).
-198
Let p(q) = -7*q - 151. Determine p(-14).
-53
Let c(y) = y**2 - 3*y - 746. Give c(-28).
122
Let j(z) = 4*z**3 - 82*z**2 + 49*z - 82. Calculate j(20).
98
Let c(n) = -n**3 - 6*n**2 + 11*n + 22. Calculate c(-9).
166
Let n(v) = 3*v**2 - 32*v - 31. Calculate n(11).
-20
Let q(n) = -17*n + 193. Calculate q(-5).
278
Let f(s) = s**2 - 24*s - 292. What is f(-9)?
5
Let f(m) = -m**3 + 10*m**2 + 70*m + 6. Determine f(15).
-69
Let k(s) = -s**3 + 22*s**2 - 79*s + 22. What is k(17)?
124
Let b(g) = 107*g - 2362. Determine b(21).
-115
Let b(x) = -3*x**2 + 16*x. Calculate b(-4).
-112
Let j(x) = 98*x + 1489. What is j(-15)?
19
Let v(k) = -3*k**3 + 15*k**2 + 49*k - 396. Give v(7).
-347
Let l(s) = -14*s**2 - 94*s + 17. Determine l(-6).
77
Let p(z) = 38*z + 189. What is p(-3)?
75
Let z(o) = 3*o**2 + 122*o - 272. Give z(-43).
29
Let v(y) = -155*y - 2330. What is v(-15)?
-5
Let q(x) = 603*x - 49421. Give q(82).
25
Let i(v) = -2*v**3 - 31*v**2 - 96*v + 43. Determine i(-11).
10
Let v(m) = -2*m**3 - m**2 - 2*m - 150. Give v(0).
-150
Let f(d) = 73*d + 2196. Calculate f(-30).
6
Let m(v) = 5*v - 24. What is m(3)?
-9
Let z(h) = 151*h - 1689. Calculate z(11).
-28
Let p(j) = j**3 + 24*j**2 + 142*j + 132. Determine p(-15).
27
Let g(v) = -v**3 - 3*v**2 + 45*v + 5. Determine g(-8).
-35
Let g(o) = -85*o**2 - 241*o + 33. What is g(-3)?
-9
Let u(m) = -2*m**2 + 143*m + 233. Calculate u(73).
14
Let c(w) = 2*w**3 - 39*w**2 + 22*w - 40. Determine c(19).
17
Let o(v) = v**2 + 7*v - 10. Give o(-8).
-2
Let t(f) = 30*f**2 - 11436*f + 2291. What is t(381)?
5
Let l(h) = 116*h - 23. Determine l(-2).
-255
Let x(m) = -44*m**2 + 228*m - 1. What is x(5)?
39
Let m(t) = -2*t**3 - 80*t**2 + 11*t + 456. Give m(-40).
16
Let w(f) = f**3 + 68*f**2 + 138*f + 238. What is w(-66)?
-158
Let p(u) = -u**3 - 14*u**2 - 16*u + 121. Determine p(-12).
25
Let r(l) = l**2 - 8*l - 26. What is r(10)?
-6
Let q(d) = -9*d**2 + 9*d + 14. Give q(-2).
-40
Let m(j) = -32*j**3 - j**2 + 6*j - 3. Give m(1).
-30
Let s(o) = -333*o - 687. What is s(-2)?
-21
Let f(p) = 2*p**3 + p**2 + 15*p + 47. What is f(0)?
47
Let v(u) = 2*u**3 - 17*u**2 - 412*u + 3354. Calculate v(8).
-6
Let b(o) = 3*o**2 + 49*o - 44. What is b(-17)?
-10
Let n(m) = m**2 - 111*m - 2030. Calculate n(-16).
2
Let o(j) = -208*j - 2692. What is o(-13)?
12
Let n(b) = 255*b**2 + 15*b - 13. Calculate n(1).
257
Let p(x) = -10*x**3 + 56*x**2 - 5*x - 3. Determine p(6).
-177
Let n(q) = -528*q - 70215. Give n(-133).
9
Let x(s) = -2*s**2 + 917*s - 5424. Determine x(6).
6
Let y(l) = -159*l - 9228. Give y(-58).
-6
Let t(l) = 99*l + 54. Calculate t(-3).
-243
Let z(t) = -63*t - 7. Give z(-1).
56
Let k(s) = -2*s**3 + 358*s**2 + 378*s - 3248. Calculate k(180).
-8
Let i(b) = 4*b**2 - 33*b - 261. Give i(14).
61
Let r(c) = -3*c**3 + 55*c**2 - 27*c + 84. What is r(18)?
-78
Let j(o) = -97*o + 869. What is j(9)?
-4
Let h(f) = -757*f - 5291. Calculate h(-7).
8
Let o(j) = j**2 + 34*j + 720. What is o(-32)?
656
Let y(g) = 2*g + 1. What is y(11)?
23
Let n(h) = -4*h**2 - 56*h - 195. Determine n(-7).
1
Let c(i) = -2*i**3 + 44*i**2 - 233*i - 7. Calculate c(13).
6
Let b(c) = 101*c + 47. Determine b(1).
148
Let n(o) = -o**2 + 2*o - 5. What is n(1)?
-4
Let q(w) = w**3 - 18*w**2 + 18*w - 56. What is q(17)?
-39
Let v(c) = -c**2 + 27*c + 133. Determine v(30).
43
Let g(d) = 2*d**3 + 3*d**2 + 193*d + 365. Determine g(-2).
-25
Let s(w) = 36*w**2 - 902*w + 32. Calculate s(25).
-18
Let u(b) = 41*b + 2542. What is u(-62)?
0
Let s(l) = -9*l + 196. Determine s(23).
-11
Let v(x) = -10*x - 69. Give v(-9).
21
Let n(u) = -4*u**2 + 124*u - 971. What is n(15)?
-11
Let i(q) = -25*q + 448. What is i(22)?
-102
Let p(a) = 16*a**2 + 1234*a + 164. What is p(-77)?
10
Let z(j) = -j**2 + 484*j - 47961. Give z(139).
-6
Let o(n) = -17*n + 967. Calculate o(52).
83
Let n(w) = 90*w**3 - 452*w**2 + 27*w - 89. Give n(5).
-4
Let r(a) = -252*a + 3016. Give r(12).
-8
Let b(f) = 2*f**3 + 10*f**2 - 5*f. Calculate b(-6).
-42
Let j(a) = -a**3 - 7*a**2 + 25*a + 12. What is j(-10)?
62
Let q(k) = k**3 - 12*k**2 + 19*k - 109. Calculate q(11).
-21
Let r(v) = 11*v - 843. Determine r(75).
-18
Let s(h) = -74*h**2 - 314*h + 4. Give s(-4).
76
Let x(i) = -283*i - 2117. What is x(-8)?
147
Let m(x) = x**2 + 7*x + 27. Calculate m(-6).
21
Let b(t) = t**3 - 33*t**2 + 70*t - 1113. Calculate b(32).
103
Let n(w) = -w**3 + 43*w**2 + 34*w + 397. Calculate n(44).
-43
Let u(v) = -v**2 - 43*v + 158. Give u(-46).
20
Let h(l) = l**3 + 16*l**2 - 52*l - 876. Determine h(-16).
-44
Let c(o) = 3*o**3 + 26*o**2 - 173*o - 1538. Calculate c(-8).
-26
Let v(d) = 2150*d + 4263. Calculate v(-2).
-37
Let z(y) = -y**2 - 24*y - 157. Calculate z(-11).
-14
Let b(y) = y**3 - 14*y**2 + 48*y - 8. Calculate b(5).
7
Let c(t) = 4*t**2 - 2*t - 34. Determine c(11).
428
Let k(t) = -t**3 + 10*t**2 - 15*t - 99. What is k(7)?
-57
Let o(f) = 14*f + 14. Calculate o(-16).
-210
Let k(c) = c**3 + 72*c**2 + 672*c + 63. Give k(-61).
2
Let c(j) = -78*j + 2254. Determine c(27).
148
Let q(c) = 6*c**2 - 7*c + 157. Calculate q(9).
580
Let l(h) = -75*h - 9983. Determine l(-133).
-8
Let a(p) = -444*p - 9772. Give a(-22).
-4
Let o(c) = 5*c + 143. Calculate o(-34).
-27
Let y(u) = -u**3 - 12*u**2 - 14*u - 18. What is y(-12)?
150
Let h(g) = g**2 - 99*g + 2373. Calculate h(40).
13
Let t(w) = -16*w - 474. Give t(-32).
38
Let z(f) = 2*f**2 + 92*f + 162. Calculate z(-44).
-14
Let x(w) = -65*w**2 - 35238*w - 4338. Give x(-542).
-2
Let q(s) = 6*s**2 + 67*s - 6. Give q(-10).
-76
Let v(z) = 78*z - 318. Determine v(6).
150
Let y(b) = 2*b**2 - 47*b + 211. Calculate y(5).
26
Let t(r) = 4*r**2 + 154*r + 794. Give t(-6).
14
Let l(p) = -6*p**2 + 597*p - 11459. What is l(26)?
7
Let s(o) = 2*o**3 - 91*o**2 + 72*o - 1222. Give s(45).
-7
Let m(n) = n**2 + 4*n - 170. Calculate m(-19).
115
Let w(i) = -7*i**3 - 63*i**2 + 87*i + 130. Give w(-10).
-40
Let d(m) = 33*m - 492. What is d(14)?
-30
Let b(o) = o**3 + 9*o**2 + 94*o + 659. Calculate b(-8).
-29
Let c(i) = i**3 - 4*i**2 - 47*i - 23. What is c(-5)?
-13
Let o(k) = 15*k + 100. What is o(-4)?
40
Let y(j) = 3346*j + 3311. Give y(-1).
-35
Let a(g) = 147*g - 158. Give a(2).
136
Let k(y) = -202*y + 4944. Calculate k(24).
96
Let b(f) = 15*f - 153. Give b(10).
-3
Let c(d) = -d**3 + 23*d**2 + 49*d + 28. Give c(25).
3
Let z(g) = g**3 - 3*g**2 + 15*g + 8. Determine z(3).
53
Let g(s) = -6*s**2 - 4*s + 6. Give g(3).
-60
Let t(q) = q**3 + 2*q**2 - 165*q - 630. Give t(-4).
-2
Let l(v) = 2476*v + 17323. Calculate l(-7).
-9
Let v(y) = -y**2 + 123*y - 712. Determine v(6).
-10
Let b(c) = -60*c + 1490. Give b(25).
-10
Let d(b) = 7*b**3 - 29*b**2 + 6*b - 19. What is d(4)?
-11
Let t(w) = -w**3 + 30*w**2 - 100*w + 52. Determine t(27).
-461
Let s(i) = -i**3 + 22*i**2 - 115*i - 21. Determine s(13).
5
Let f(d) = -d**3 + 16*d**2 + 1380*d. Determine f(46).
0
Let l(r) = -17*r - 199. What is l(-10)?
-29
Let u(l) = 57*l - 30. Calculate u(-2).
-144
Let o(s) = 7*s - 263. Calculate o(38).
3
Let z(q) = -2028*q - 2016. Give z(-1).
12
Let y(b) = b**3 + 10*b**2 - 119*b + 75. What is y(-17)?
75
Let c(z) = -28*z + 964. What is c(33)?
40
Let t(o) = o**3 + 4*o**2 - 76*o + 138. What is t(2)?
10
Let l(x) = -x + 20. Calculate l(15).
5
Let f(w) = -3*w**2 - 33*w - 5. What is f(-11)?
-5
Let i(z) = -z**3 - 13*z**2 - 15*z - 1. Calculate i(-12).
35
Let h(z) = z**3 + 6*z**2 - 4*z + 3. What is h(-8)?
-93
Let k(y) = 2*y**3 + 17*y**2 + 25*y + 33. What is k(-10)?
-517
Let x(z) = 28*z + 215. Give x(-8).
-9
Let m(f) = -f**3 + 11*f**2 + 288*f - 2984. Calculate m(10).
-4
Let k(o) = 1780*o + 17686. Give k(-10).
-114
Let i(o) = -2*o**2 - 6*o + 54. Calculate i(-7).
-2
Let j(s) = 3*s**2 + 460*s + 5483. Calculate j(-13).
10
Let h(g) = -1931*g - 9650. Give h(-5).
5
Let b(a) = 318*a - 2307. Determin